{"id":140,"date":"2017-01-18T21:22:40","date_gmt":"2017-01-18T19:22:40","guid":{"rendered":"http:\/\/tousazimuts-asso.fr\/?page_id=140"},"modified":"2023-06-03T14:55:04","modified_gmt":"2023-06-03T13:55:04","slug":"page-1-1","status":"publish","type":"page","link":"https:\/\/tousazimuts-asso.fr\/index.php\/page-1\/page-1-1\/","title":{"rendered":"Qui sommes nous ?"},"content":{"rendered":"<p>L&rsquo;association Tous Azimuts a \u00e9t\u00e9 cr\u00e9\u00e9e en 2006 \u00e0 l&rsquo;initiative de Florence FORSANS-CAUD, Pr\u00e9sidente, afin de favoriser les \u00e9changes d\u2019exp\u00e9riences et de savoir-faire entre populations et citoyens de cultures diff\u00e9rentes.<\/p>\n<p>Si le c\u0153ur de l&rsquo;association est l&rsquo;organisation d&rsquo;ateliers de langues, de nombreuses autres activit\u00e9s et \u00e9v\u00e8nements peuvent \u00eatre propos\u00e9es aux adh\u00e9rents suivant les ann\u00e9es : voyages, spectacles, repas, ap\u00e9ro snack (discussion avec des \u00e9tudiants \u00e9trangers), d\u00e9couvertes gastronomiques, caf\u00e9 des langues &#8230;<\/p>\n<p>A son origine, les langues propos\u00e9es \u00e9taient le polonais et l&rsquo;anglais. Au fur et \u00e0 mesure des ann\u00e9es, en fonction des demandes des adh\u00e9rents et des propositions des nouveaux intervenants, l&rsquo;offre de l&rsquo;association s&rsquo;est largement \u00e9toff\u00e9e pour arriver \u00e0 une quarantaine d&rsquo;ateliers de niveaux diff\u00e9rents pour une dizaine de langues par une quinzaine intervenants dans 4 lieux de Buxerolles et Poitiers. En 2018-19, Tous Azimuts a r\u00e9uni plus de 260 membres, dont une quinzaine d&rsquo;administrateurs.<\/p>\n<p><a href=\"http:\/\/tousazimuts-asso.fr\/wp-content\/uploads\/2019\/09\/Photo-r\u00e9union-CA-5f\u00e9v2019.jpg\"><img loading=\"lazy\" class=\"size-full wp-image-3327 aligncenter\" src=\"http:\/\/tousazimuts-asso.fr\/wp-content\/uploads\/2019\/09\/Photo-r\u00e9union-CA-5f\u00e9v2019.jpg\" alt=\"\" width=\"1155\" height=\"433\" srcset=\"https:\/\/tousazimuts-asso.fr\/wp-content\/uploads\/2019\/09\/Photo-r\u00e9union-CA-5f\u00e9v2019.jpg 1155w, https:\/\/tousazimuts-asso.fr\/wp-content\/uploads\/2019\/09\/Photo-r\u00e9union-CA-5f\u00e9v2019-300x112.jpg 300w, https:\/\/tousazimuts-asso.fr\/wp-content\/uploads\/2019\/09\/Photo-r\u00e9union-CA-5f\u00e9v2019-768x288.jpg 768w, https:\/\/tousazimuts-asso.fr\/wp-content\/uploads\/2019\/09\/Photo-r\u00e9union-CA-5f\u00e9v2019-1024x384.jpg 1024w\" sizes=\"(max-width: 1155px) 100vw, 1155px\" \/><\/a><\/p>\n<p><a href=\"http:\/\/tousazimuts-asso.fr\/wp-content\/uploads\/2017\/02\/Pour-une-meilleure-expression-en-chantant_image_article_large.jpg\"><img loading=\"lazy\" class=\"alignnone size-full wp-image-415\" src=\"http:\/\/tousazimuts-asso.fr\/wp-content\/uploads\/2017\/02\/Pour-une-meilleure-expression-en-chantant_image_article_large.jpg\" alt=\"\" width=\"640\" height=\"336\" srcset=\"https:\/\/tousazimuts-asso.fr\/wp-content\/uploads\/2017\/02\/Pour-une-meilleure-expression-en-chantant_image_article_large.jpg 640w, https:\/\/tousazimuts-asso.fr\/wp-content\/uploads\/2017\/02\/Pour-une-meilleure-expression-en-chantant_image_article_large-300x158.jpg 300w\" sizes=\"(max-width: 640px) 100vw, 640px\" \/><\/a><\/p>\n","protected":false},"excerpt":{"rendered":"<p>L&rsquo;association Tous Azimuts a \u00e9t\u00e9 cr\u00e9\u00e9e en 2006 \u00e0 l&rsquo;initiative de Florence FORSANS-CAUD, Pr\u00e9sidente, afin de favoriser les \u00e9changes d\u2019exp\u00e9riences et de savoir-faire entre populations et citoyens de cultures diff\u00e9rentes. Si le c\u0153ur de l&rsquo;association est l&rsquo;organisation d&rsquo;ateliers de langues, de nombreuses autres activit\u00e9s et \u00e9v\u00e8nements peuvent \u00eatre propos\u00e9es aux adh\u00e9rents suivant les ann\u00e9es : [&hellip;]<\/p>\n","protected":false},"author":1,"featured_media":0,"parent":120,"menu_order":1,"comment_status":"closed","ping_status":"closed","template":"","meta":[],"_links":{"self":[{"href":"https:\/\/tousazimuts-asso.fr\/index.php\/wp-json\/wp\/v2\/pages\/140"}],"collection":[{"href":"https:\/\/tousazimuts-asso.fr\/index.php\/wp-json\/wp\/v2\/pages"}],"about":[{"href":"https:\/\/tousazimuts-asso.fr\/index.php\/wp-json\/wp\/v2\/types\/page"}],"author":[{"embeddable":true,"href":"https:\/\/tousazimuts-asso.fr\/index.php\/wp-json\/wp\/v2\/users\/1"}],"replies":[{"embeddable":true,"href":"https:\/\/tousazimuts-asso.fr\/index.php\/wp-json\/wp\/v2\/comments?post=140"}],"version-history":[{"count":7,"href":"https:\/\/tousazimuts-asso.fr\/index.php\/wp-json\/wp\/v2\/pages\/140\/revisions"}],"predecessor-version":[{"id":3570,"href":"https:\/\/tousazimuts-asso.fr\/index.php\/wp-json\/wp\/v2\/pages\/140\/revisions\/3570"}],"up":[{"embeddable":true,"href":"https:\/\/tousazimuts-asso.fr\/index.php\/wp-json\/wp\/v2\/pages\/120"}],"wp:attachment":[{"href":"https:\/\/tousazimuts-asso.fr\/index.php\/wp-json\/wp\/v2\/media?parent=140"}],"curies":[{"name":"wp","href":"https:\/\/api.w.org\/{rel}","templated":true}]}}