{"id":3795,"date":"2025-08-28T17:36:04","date_gmt":"2025-08-28T16:36:04","guid":{"rendered":"https:\/\/tousazimuts-asso.fr\/?page_id=3795"},"modified":"2025-08-28T17:39:17","modified_gmt":"2025-08-28T16:39:17","slug":"antenne-diteuil","status":"publish","type":"page","link":"https:\/\/tousazimuts-asso.fr\/index.php\/nos-activites\/antenne-diteuil\/","title":{"rendered":"Antenne d&rsquo;Iteuil"},"content":{"rendered":"<p>Alisa vous propose des ateliers de langue au complexe sportif et socio-culturel Herv\u00e9 MANTEAU :<br \/>\n&#8211; anglais d\u00e9butant : lundi 14h-15h15<br \/>\n&#8211; anglais enfant (4-7 ans) : mercredi 15h-16h<\/p>\n<p>Possibilit\u00e9 de mise en place d\u2019ateliers anglais faux-d\u00e9butant, russe ou FLE, les lundi ou mercredi apr\u00e8s-midi, en fonction des demandes.<\/p>\n<p>Contact :\u00a0<a href=\"atelierslanguesiteuil@tousazimuts-asso.fr\">atelierslanguesiteuil@tousazimuts-asso.fr<\/a><\/p>\n","protected":false},"excerpt":{"rendered":"<p>Alisa vous propose des ateliers de langue au complexe sportif et socio-culturel Herv\u00e9 MANTEAU : &#8211; anglais d\u00e9butant : lundi 14h-15h15 &#8211; anglais enfant (4-7 ans) : mercredi 15h-16h Possibilit\u00e9 de mise en place d\u2019ateliers anglais faux-d\u00e9butant, russe ou FLE, les lundi ou mercredi apr\u00e8s-midi, en fonction des demandes. Contact :\u00a0atelierslanguesiteuil@tousazimuts-asso.fr<\/p>\n","protected":false},"author":1,"featured_media":0,"parent":972,"menu_order":0,"comment_status":"closed","ping_status":"closed","template":"","meta":[],"_links":{"self":[{"href":"https:\/\/tousazimuts-asso.fr\/index.php\/wp-json\/wp\/v2\/pages\/3795"}],"collection":[{"href":"https:\/\/tousazimuts-asso.fr\/index.php\/wp-json\/wp\/v2\/pages"}],"about":[{"href":"https:\/\/tousazimuts-asso.fr\/index.php\/wp-json\/wp\/v2\/types\/page"}],"author":[{"embeddable":true,"href":"https:\/\/tousazimuts-asso.fr\/index.php\/wp-json\/wp\/v2\/users\/1"}],"replies":[{"embeddable":true,"href":"https:\/\/tousazimuts-asso.fr\/index.php\/wp-json\/wp\/v2\/comments?post=3795"}],"version-history":[{"count":3,"href":"https:\/\/tousazimuts-asso.fr\/index.php\/wp-json\/wp\/v2\/pages\/3795\/revisions"}],"predecessor-version":[{"id":3801,"href":"https:\/\/tousazimuts-asso.fr\/index.php\/wp-json\/wp\/v2\/pages\/3795\/revisions\/3801"}],"up":[{"embeddable":true,"href":"https:\/\/tousazimuts-asso.fr\/index.php\/wp-json\/wp\/v2\/pages\/972"}],"wp:attachment":[{"href":"https:\/\/tousazimuts-asso.fr\/index.php\/wp-json\/wp\/v2\/media?parent=3795"}],"curies":[{"name":"wp","href":"https:\/\/api.w.org\/{rel}","templated":true}]}}